. Suppose 2*x = 3*x - j. What is the units digit of x?
2
Let s = -9 - -13. Let r = 8 - s. Suppose 3*d - 43 = -r*m, 0 = 4*m - 0*d - 2*d - 38. What is the units digit of m?
0
Let k = -9 - -14. Suppose k*x - 75 = -15. What is the units digit of x?
2
Let t = 45 - 43. What is the units digit of t?
2
Let a be 54/4 - (-3)/(-2). Let c be 4/6*30/4. Suppose c*f - a = 3. What is the units digit of f?
3
Let y = 26 + -1. What is the units digit of y?
5
What is the tens digit of 4/(-10) - 1320/(-50)?
2
Suppose 0*h - h + 2 = p, -10 = -5*h - p. Let b(j) be the third derivative of j**4/24 + j**3/3 - 2*j**2. What is the units digit of b(h)?
4
Suppose 3*x = 2*x - 5. Let c = 50 + -47. What is the units digit of (c + 0 + x)*-2?
4
Suppose s - 3 = 2*f, -2*f + 51 = 3*s + 2*s. What is the units digit of s?
9
Let v(h) = 7*h - 8. Let w(l) = 10*l - 12. Let m(u) = 7*v(u) - 5*w(u). What is the tens digit of m(-9)?
1
What is the tens digit of (-2)/(-4)*0 - -144?
4
Let x(j) = 9*j - 1. What is the units digit of x(1)?
8
Let g(h) = -h - 3. Let z(o) = 2*o + 10. Let w(l) = -7*g(l) - 2*z(l). Let r be w(-7). What is the units digit of r/(-8)*(-12)/(-10)?
3
Let s = 7 - -12. What is the units digit of s?
9
Suppose -36 = -3*d - 3*i, 3 = -2*d + 6*d - 5*i. Let t be (-2)/d - (-74)/14. Let y = -3 + t. What is the units digit of y?
2
Let f = 19 + -9. What is the tens digit of f?
1
Suppose -5*n = -2*n - 3*h - 75, 3*n + 2*h = 95. What is the tens digit of n?
2
What is the hundreds digit of 16506/81 + (-4)/(-18)?
2
Let z = -2 - -11. What is the units digit of (z/(-6))/((-2)/16)?
2
Let c(y) = -5*y**3 - 12*y**2 - 3*y + 5. Let r(n) = -14*n**3 - 35*n**2 - 10*n + 15. Let w(h) = 17*c(h) - 6*r(h). What is the units digit of w(7)?
9
Suppose -2*s - 230 = 3*s. Let k be (-4)/6 + (-32)/6. What is the units digit of 4/k - s/6?
7
Let t(p) = -p**3 + 8*p**2 - 2*p + 9. What is the units digit of t(7)?
4
Suppose -4*t - t + 15 = 0. Suppose 0 = -0*a + t*a + 18. Let s = -2 - a. What is the units digit of s?
4
Suppose -5*n + 16 = -29. Let a = n + -5. What is the units digit of a?
4
Let z(u) = u**2 - u. Let v(t) = t**2 - 8*t - 4. Let b(o) = v(o) - 2*z(o). Let l be b(-4). What is the units digit of (-7 - -1)/(l/(-2))?
3
Let r = -31 - -40. What is the units digit of r?
9
Suppose -216 = -2*s - 2*s. What is the units digit of s/(-4)*(-7 - -5)?
7
Let o(y) = -37*y + 8*y**2 + 28*y + 8 + y**3 + 2. What is the tens digit of o(-9)?
1
Suppose -m + 5*m = 152. What is the tens digit of m?
3
Let y = 8 - 25. Let r = -2 - y. What is the units digit of r?
5
Suppose 0 = -0*t + t - 35. Suppose -t = -5*o + 5. Let c = -7 + o. What is the units digit of c?
1
Suppose -o = -5*o - b - 21, -23 = 5*o - 2*b. Let n = -1 - -12. Let a = n + o. What is the units digit of a?
6
What is the units digit of -5*(-3 - (-52)/20)?
2
Let w(t) be the third derivative of t**5/60 + t**4/12 - t**2. Let a(c) = c**3 - 4*c**2 - 5*c - 3. Let j be a(5). What is the units digit of w(j)?
3
Let y(t) = t**2 + 8*t - 6. Let g = -1 - 10. What is the units digit of y(g)?
7
Suppose -i = -v - 127 + 426, 3*i - 588 = -2*v. What is the tens digit of v?
9
Suppose 832 = 4*r + 2*m, m = r - 4*r + 622. What is the hundreds digit of r?
2
Let s(u) = u**3 + 3*u**2 - 2*u - 3. Let j(k) = k + 7. Let x be j(-9). What is the units digit of s(x)?
5
Suppose 2*g + 0*g = 12. Let u(w) = -4 - 6*w**2 - w**2 + 3 + 7*w + w**3. What is the units digit of u(g)?
5
Suppose -3*f + 297 = 3*l, 0 = -2*f + 3*l + 234 - 16. Suppose -5*j = 4*b - 142, 4*b = 2*j + 25 + f. What is the tens digit of b?
3
Let h(j) = j**2 + 4*j - 3. Let d be h(-4). What is the tens digit of d/3 - -3 - -16?
1
Suppose -2*c - 3*b + 69 = 0, 5*c - 3*b - 143 + 2 = 0. Let l = c - 13. What is the tens digit of l?
1
Suppose 0 = 5*r - 0*r - 650. What is the tens digit of r?
3
Let s(n) be the second derivative of -9*n**5/10 - n**3/6 - n**2/2 - n. Suppose -14 = -2*d + 2*y + 2*y, 4*y + 21 = -5*d. What is the tens digit of s(d)?
1
Let r = -28 - -50. What is the units digit of r?
2
Let s(p) = p**2 - 5*p + 1. Let h be s(6). Let d = 3 - h. What is the units digit of ((-4)/d)/((-1)/(-4))?
4
Suppose 2*g - c - 98 + 12 = 0, 5*c = -4*g + 172. What is the tens digit of g/(3 - 6/3)?
4
Suppose 4*i + 28 = 4*q, 0 = 2*q + i - 5 - 6. Let h(r) = 4*r - 5. Let y be h(5). Let m = y - q. What is the units digit of m?
9
Let u be (-11)/((-2)/(-8)*2). What is the units digit of 7/(-2 + u/(-10))?
5
Let x(y) = y**2 - 5*y + 5. What is the units digit of x(-6)?
1
Suppose -20 = -5*x + x. Suppose 5*y - 25 = 0, 0 = -3*d + 6*d - x*y - 20. What is the units digit of d?
5
Let p = 47 - -8. What is the tens digit of p?
5
Let t = 0 + 5. Suppose -5*y + t*k - 115 = 0, 4*y = -y - 5*k - 95. Let q = -8 - y. What is the units digit of q?
3
Suppose -3*w - 20 = -8*w. What is the units digit of w?
4
What is the tens digit of (-122)/4*8/(-4)?
6
Let u = -26 - -18. What is the tens digit of (-322)/u - 2/8?
4
Let v(x) = x**3 - x**3 + x**3 + 4 + 4*x**2 - 3*x - 1. What is the tens digit of v(-4)?
1
Let b(o) = 1 - o - o + 3. Let t be b(3). Let d(g) = -2*g**3 - g + 2. What is the units digit of d(t)?
0
Let r be (2 - -1) + -3 - -10. Let u = -8 + r. What is the units digit of u?
2
Let x(m) = -5*m**3 + 8*m**2 - 5*m - 13. Let o(j) = 14*j**3 - 24*j**2 + 16*j + 38. Let b(r) = 4*o(r) + 11*x(r). What is the tens digit of b(7)?
2
Let y be (-6)/21 + (-74)/(-14). Suppose 4*z + z = 25. Suppose 14 = 3*r - z*w, r - 22 = -3*r + y*w. What is the units digit of r?
8
Suppose 0 = -3*l + i + 619, 4*i - 422 = 2*l - 4*l. What is the tens digit of l?
0
Let n(s) = s**2 + 3*s - 6. Let u be n(5). What is the tens digit of 1*(-1 + -1) + u?
3
Suppose -5*t = 7 + 3. Let l be 1*t + 8 + -1. Suppose -l*m + 64 = -m. What is the units digit of m?
6
Let b = -9 - -29. Suppose 4*w = 2*k + b, -3*w - k - 31 = -8*w. What is the units digit of w?
7
Suppose -29 = 2*n - 3*n. What is the tens digit of n?
2
Let f(l) = l**3 - 9*l**2 + 4*l - 13. What is the tens digit of f(10)?
2
Let y(p) = -p + 2. Let i be (1 + -1)*2/(-4). Let b be y(i). Let d = b + -1. What is the units digit of d?
1
Suppose 0*k = -k - 8. Let s be ((-3)/(-4))/((-3)/k). Suppose m = s*m - 5. What is the units digit of m?
5
Suppose 4*h - 3 = 3*h + f, -2*h - 4*f - 24 = 0. What is the units digit of 1/h*-34*1?
7
Let k be -5*73*-4 - -3. What is the units digit of k/55 + (-2)/(-5)?
7
Let s be (-6)/((-2)/2)*1. Let t = 88 - s. Suppose 5*z + 0*b = -3*b + t, -2*z = 2*b - 36. What is the tens digit of z?
1
Suppose -3*q + 2*q = -3. Suppose -2 + 3 = w. Suppose q + w = -2*m + 5*n, -5*m + 36 = -n. What is the units digit of m?
8
What is the units digit of 1 + 86 + -1 - -3?
9
Let r be 16/(-20)*55/(-2). Suppose -r = -3*f - 4*a + 3*a, -6 = f - 3*a. What is the units digit of f?
6
Suppose -6*n + 2*y = -2*n - 222, 2*n - 4*y = 126. What is the units digit of n?
3
Let i = -18 + 11. Let q = 7 - i. What is the tens digit of q?
1
What is the units digit of 2 - (-25 + (-2)/2)?
8
Suppose 2*z + 14 = -4*k, 4*z + 3*k + 15 + 3 = 0. Let t = z - -3. Suppose -3*w + 13 + 5 = t. What is the units digit of w?
6
Let y be (-1)/3 - 581/21. Let w = 53 + y. What is the units digit of w?
5
Let d be (-3)/(-2*1 + 3). Let u(q) = -q - 3. Let r be u(d). Let g = 10 + r. What is the tens digit of g?
1
Let f(q) = -q**2 - 22*q - 44. What is the units digit of f(-15)?
1
Let q(p) = p**3 - 7*p**2 - 8*p - 5. Let h be q(8). Let x be 2/h - (-34)/10. What is the units digit of ((-27)/12)/(x/(-8))?
6
Suppose -5*o = -10*o + 255. What is the tens digit of o?
5
Let x be 6/(-2)*14/6. Let z = -5 - x. What is the units digit of z?
2
Suppose -2*c - 4*d = -76, -2*d + 0*d + 80 = 2*c. What is the units digit of c?
2
Suppose 3*i = 4*u + 39, 4*u + 0*u + 57 = 5*i. Let f be ((-36)/5)/(i/30). What is the units digit of f/(-9) - (-2)/(-3)?
2
Let h(d) = -2*d + 3. What is the tens digit of h(-4)?
1
Let v(x) = 3*x**2 + 3*x + 3. Let t = -6 + 3. What is the tens digit of v(t)?
2
Suppose 33 - 8 = 5*t, b - 52 = -5*t. What is the units digit of b?
7
Let u be -4 - (-1 + 2) - 3. What is the units digit of (30/(-8))/(3/u)?
0
Let x = -5 - -53. What is the tens digit of x?
4
Suppose 4*z - 25 = -z. Suppose -z*n + 5 = 0, -o - n = -2*o + 1. What is the units digit of o?
2
Let d(h) = h**2 - 2*h + 1. Let p = 0 + 4. What is the units digit of d(p)?
9
Suppose 5*o - 3